is the greatest common factor of n and 195?
15
Suppose -288 = -3*r - 162. Calculate the highest common divisor of r and 42.
42
Let q be 720/(-54)*(-54)/30. Let f be 2/7 + (-2010)/(-21). What is the greatest common factor of f and q?
24
Suppose -42 + 0 = -3*w. Calculate the highest common divisor of w and 266.
14
Suppose -5*m + 141 - 6 = 0. Let b = m - 15. Calculate the greatest common divisor of 132 and b.
12
Let k = 76 - -80. Calculate the greatest common divisor of 12 and k.
12
Let n = -543 + 599. What is the greatest common divisor of n and 98?
14
Let i(u) = 2*u**2 - 65*u + 696. Let c be i(9). What is the highest common divisor of 1001 and c?
91
Suppose -7*g + 469 + 147 = 0. Let j be (-6)/(-16) - (-231)/g. Calculate the highest common divisor of 15 and j.
3
Suppose 7*s = 2*s. Let u be (3/(-3) - -5) + s. Suppose -20 = -u*d + 2*d. What is the highest common factor of 50 and d?
10
Let x(k) = -k**3 - k. Let v(w) = -2*w**3 + 4*w**2 - 9*w + 6. Let y(u) = -v(u) + 4*x(u). Let i be y(-4). Calculate the greatest common divisor of 152 and i.
38
Suppose n + 37 = 3*i + 3*n, 12 = i + n. Suppose -9*q + 91 = -8*q. Calculate the highest common factor of i and q.
13
Let n = 37 - 10. Suppose -46*h = -63*h + 153. Calculate the greatest common factor of h and n.
9
Let y(g) = 43*g**2 - 2*g - 1. Let x be y(-2). Let w = 11890 - 11820. Calculate the highest common divisor of w and x.
35
Let v = -1452 - -1484. What is the highest common divisor of v and 96?
32
Suppose 0 = -6*f + 2*f + 3*n + 93, -110 = -5*f + 5*n. What is the highest common factor of 837 and f?
27
Let a(c) = c**3 - 4*c**2 + 28*c - 6. Let g be a(6). What is the highest common divisor of g and 26?
26
Let a = -8 + 16. Suppose 4*k + 0*k - 4*f + 28 = 0, 0 = 2*f + a. Let q(r) = -2*r - 18. Let d be q(k). What is the greatest common divisor of d and 6?
2
Let k = 1871 - 1091. Calculate the greatest common factor of k and 120.
60
Suppose -5*t - 3*p - 2*p = -575, 3*p + 3 = 0. What is the greatest common factor of t and 3712?
116
Let p = 17 - -38. What is the greatest common factor of p and 1045?
55
Let n be 16/4 + (-125 - -7). Let s = n - -158. What is the highest common factor of s and 11?
11
Suppose v - 9*v = -152. Suppose -79 - 168 = -v*c. Calculate the greatest common divisor of 117 and c.
13
Suppose 2*t - 26 = -4*c, -2*c + 2*t - 15 = -19. What is the highest common divisor of c and 55?
5
Let w(a) = -26*a - 2. Let y be w(-4). Let k be y/(-2 + (2 - -2)). Let s(m) = 2*m - 3. Let t be s(10). What is the highest common divisor of k and t?
17
Let r(p) = -p**3 - 5*p**2 + 5*p - 4. Let s be r(-6). Suppose -o = -3*n + 575, -501 = -4*n - s*o + 249. Calculate the greatest common divisor of 19 and n.
19
Let j(z) = -10*z - 1. Let y(m) = -m. Let l(x) = j(x) + y(x). Let a be l(-1). Let g be 111/74 - 5/(-2). Calculate the highest common factor of g and a.
2
Suppose 3*s + 4*j + 66 = 0, 8 = 4*s + 2*j + 106. Let p = s - -33. Calculate the highest common factor of p and 91.
7
Let d = 6 + 2. Let l(o) = -o + 15. Let j be l(12). Let a be (11 + -14)*(-1)/j. What is the greatest common factor of a and d?
1
Let f = 75 + -70. Suppose 0 = -2*y - f*m + 96, 59 + 37 = 2*y - 4*m. Calculate the greatest common factor of y and 12.
12
Suppose -1012 = -0*x - 44*x. What is the highest common factor of 299 and x?
23
Let j be (-2)/8 - 34/(-8). Let x = 11 + -11. Let t(g) = -g + 10. Let m be t(x). Calculate the highest common divisor of j and m.
2
Let w be (0 - -2) + (-1368)/(-12). Suppose 0 = 2*j + j - 5*i - w, 0 = -5*j - 2*i + 152. Calculate the greatest common factor of 16 and j.
16
Let b be 2*7/(-14)*0. Let j(s) = s + 1. Let l be j(0). Suppose 2*o = -3*v + l + 74, 3*o = b. Calculate the greatest common divisor of v and 100.
25
Let t be ((-147)/2 + 3)*(18 - 20). Calculate the greatest common factor of t and 1551.
141
Suppose 0 = 3*r - 0*r - 3*s - 111, -3*r - 2*s + 106 = 0. Let m be 4 + -1 - (-2 + -12). Let j = 1 + m. Calculate the highest common divisor of j and r.
18
Let u = -133 - -83. Let k = 124 + -46. Let i = k + u. Calculate the highest common factor of 7 and i.
7
Let d(c) = 2*c**2 - 12*c - 38. Let x be d(11). What is the greatest common divisor of x and 45?
9
Suppose 0 = -2*c + 4 + 2, 3*c = -4*m + 149. Let y = 65 - m. What is the greatest common divisor of 6 and y?
6
Let x be (4542/66 - -11) + (-4)/(-22). Calculate the highest common factor of x and 120.
40
Let h = 9 + 13. Let c be 80/(-3)*(-99)/h. Let b = -41 - -61. Calculate the highest common factor of b and c.
20
Let p(i) = -i**3 - 2*i**2 + 2*i. Let y be p(0). Suppose -10*c + 2*c + 360 = y. Let f be 4 + (-2 - -4)/2. What is the greatest common factor of c and f?
5
Let a(n) = 116*n - 23. Let v be a(1). Calculate the greatest common divisor of 124 and v.
31
Suppose 4*a - 136 - 76 = -2*t, 0 = 5*a - 5*t - 265. Calculate the greatest common divisor of 106 and a.
53
Let x(d) = 3*d - 13. Let a be x(3). Let t be a + (-1 + 4 - 1). Let g be (-10)/t - 10/(-10). Calculate the highest common divisor of 48 and g.
6
Suppose -6*u + 416 = 38. What is the greatest common factor of u and 14?
7
Suppose -4*v - 1641 = -1661. Calculate the highest common divisor of v and 655.
5
Suppose -g - 230 = -5*j, -2*g = -2*j - 0*j + 100. Let o = 552 - 522. What is the highest common factor of j and o?
15
Let s = -328 + 463. Let o(x) = -x**3 + 7*x**2 + 2*x + 23. Let j be o(6). Let k = j + -17. Calculate the highest common divisor of k and s.
27
Suppose -140 = -3*n + 5*b, -946*n + 942*n + 2*b = -168. Let x(g) = 3*g**2 - 4*g + 1. Let f be x(3). What is the highest common factor of n and f?
8
Suppose 117 - 645 = -48*b. Calculate the greatest common divisor of b and 407.
11
Let a be (-1)/(-4) - 3938/(-88). What is the greatest common divisor of 72 and a?
9
Let c = 4 - 1. Let a be (-104)/(-3) + (-2)/c. Let s = -361 + 412. What is the greatest common factor of s and a?
17
Let x be (4/10)/(74/(-185))*-70. Let k = -2 - -12. Calculate the highest common factor of x and k.
10
Suppose -2*z - 5*f + 838 = 0, -f - 126 = -3*z + 1148. What is the greatest common divisor of 24 and z?
8
Let q be (0 - 1280)*6/(-15). Calculate the greatest common divisor of 32 and q.
32
Let w = 102 + -92. Let u be 178/w + (1 - -4)/25. Calculate the highest common factor of 27 and u.
9
Suppose 0 = -3*b - 8 - 25. Let d = b + 14. Suppose -48 = -d*i + 84. What is the greatest common divisor of 11 and i?
11
Suppose 222 = -10*f + 282. Calculate the highest common divisor of 30 and f.
6
Let q be 3/(-6)*0 - -27. Suppose 3*w = -15, 5*d - 4*w + 140 = 50. Let o = -13 - d. Calculate the greatest common factor of q and o.
9
Let t = 125 - 81. Calculate the highest common divisor of 8 and t.
4
Suppose -4*z + 56 = 2*c, 0 = 4*c - 0*z + z - 140. Suppose 0 = -5*r + 3*r + c. Let j = 21 - r. Calculate the greatest common divisor of j and 3.
3
Suppose 17*y = 1021 + 2175. What is the highest common factor of 658 and y?
94
Let p = 133 + -14. What is the highest common divisor of p and 7?
7
Let g be -10 - -8 - (-362 - -2). Let b = g - 116. Calculate the highest common factor of b and 22.
22
Let p be (-220)/(-10) + -2 + 0/2 + -7. Let k(r) = r + 8. Let x be k(-6). Suppose -x*m + 95 = -9. What is the greatest common divisor of p and m?
13
Let k = -11 + 57. Let j = 16 + 99. What is the highest common factor of j and k?
23
Let g = 2 + -7. Let a be (40/g)/(-4) - -150. Calculate the greatest common divisor of 19 and a.
19
Let y = 13 + -6. Suppose y*q = 10*q - 6. Suppose -5*j = q*l - 7 - 2, -4*j + 2*l + 18 = 0. What is the highest common divisor of j and 3?
3
Suppose -5*a - 167 = -5*l + 3, 2*a = 5*l - 176. Suppose 4*o + 438 = 5*u, 4*u = 5*o - 4*o + 357. Calculate the highest common divisor of u and l.
18
Let d(f) = -2*f**3 - 7*f**2 - 6*f - 14. Let r = -1 + -3. Let k be d(r). Calculate the greatest common factor of k and 65.
13
Let p(l) = 3*l**2 - l + 2. Let n be p(1). Suppose n*c = c. Let w = 2 + c. Calculate the highest common factor of 1 and w.
1
Suppose 0 = 5*t - 8 - 7, -4*p - 2*t = 1126. Let j = -153 - p. What is the greatest common divisor of j and 13?
13
Let j(u) = -u**2 - 9*u + 112. Let z be j(-15). Calculate the greatest common factor of 44 and z.
22
Let f(x) = -23*x + 53. Let g be f(-5). Calculate the greatest common factor of g and 72.
24
Let m(t) = t**2 + 2*t + 6. Let j 